ded by f?
7
Let a = -3563 - -4497. Calculate the remainder when a is divided by 233.
2
Let z be (2/(-8)*-4)/((-12)/48). What is the remainder when -24*2/6*101/z is divided by 41?
38
Let s(o) = o + 20. Let j be s(-17). Suppose -v - j = 0, 0 = 6*x - 3*x + 2*v - 18. Suppose 2*d + 2*d = 52. What is the remainder when d is divided by x?
5
Let w(q) = q - 4. Let o be w(6). Suppose v - 27 = -o*v. Suppose 67*y - 13*y - 26*y = 476. What is the remainder when y is divided by v?
8
Let h(q) = -67*q + 5. Suppose -197*f - 6256 = -381*f. Calculate the remainder when h(-8) is divided by f.
31
Let y = -3 + 7. Suppose 3*r + 4*k + 68 - 238 = 0, -r = k - 57. Suppose r = 2*f + 4*s, 2*s = -f + y*s + 25. Calculate the remainder when 80 is divided by f.
26
Let r = -5 - -16. Let v = -57 + 129. Suppose -7*l = 10*k - 6*k - v, 0 = k + 2*l - 18. What is the remainder when k is divided by r?
7
Suppose -9*x - 3 = -12*x + 4*p, 6 = -4*x + 2*p. Let u(f) = 9*f**2 - 5*f - 9. What is the remainder when 256 is divided by u(x)?
82
Suppose -115*p + 117*p - 32 = 0. Calculate the remainder when 250 is divided by p.
10
Suppose 0*m + 2*l = -2*m + 16, 5*m - 8 = 3*l. Suppose 51 = 4*k + 5*o - m, -k = 5*o - 10. Let a = 68 - k. What is the remainder when a is divided by 20?
13
Let g = 6 - 4. Let u be 7/(35/2)*15/2. Suppose y + 2*y - u = -g*a, -y = 5. What is the remainder when 42 is divided by a?
6
Let h(w) = 5*w**2 - 113*w - 22. What is the remainder when 839 is divided by h(23)?
23
Suppose -2*x + 3 = -2*s + 19, -8*s + x = -57. What is the remainder when 2153 is divided by s?
4
Let u(r) = 4 + 9*r - 5*r + 0*r**3 - 2*r**3 + 3*r**3 - 6*r**2. Let c be u(5). What is the remainder when 2 - 4 - -5 - c is divided by 4?
0
Let w(v) = 43*v - 102. Let j(p) = -65*p + 149. Let s(g) = -5*j(g) - 7*w(g). Suppose h + 3 = 2*h. Calculate the remainder when s(h) is divided by 11.
8
Suppose 6*o = 1295 + 2533. Suppose o = 24*m - 130. Calculate the remainder when m is divided by 22.
10
Suppose -2*x - 66 = -5*x. Suppose k - 128 = -136*m + 142*m, k - m - 113 = 0. Calculate the remainder when k is divided by x.
0
Suppose -26 = -3*r - 4*q - 3, -2*r + 3*q - 13 = 0. What is the remainder when 26 is divided by 14/(-10)*-5 - (-2 - r)?
6
Let o = 9420 - 9402. Suppose -4*s + 564 = 4*z, -5*z + 3*z + 2 = 0. Suppose 0 = 2*f - 0*f - s. What is the remainder when f is divided by o?
16
Suppose -14 = -27*y + 13. Let i = 9 + 0. Calculate the remainder when 4/(-10) + 217/5 + y is divided by i.
8
Suppose -48*b - 70*b - 43*b = -59248. What is the remainder when b is divided by 9?
8
Let m = 181 + 325. Suppose -4*i + m - 66 = 0. Calculate the remainder when i is divided by 31.
17
Suppose -18*o + 690 + 750 = 0. Suppose 0 = 2*q + 178 - 196. Calculate the remainder when o is divided by q.
8
Let c(y) = -105*y - 1282. What is the remainder when 1783 is divided by c(-15)?
25
Let k(c) = c**3 - 51*c**2 + 61*c - 547. Calculate the remainder when 137 is divided by k(50).
2
Suppose -457 + 95 = 3*k + r, -346 = 3*k + 5*r. What is the remainder when (-458)/(-4) - (-183)/k is divided by (-4)/(-14) - (-528)/14?
37
Suppose -5*q + 2*p = -289 + 83, 3*p - 191 = -5*q. Suppose -2*m - 33 = -5*m. What is the remainder when q is divided by m?
7
Suppose 3211 = -374*a + 387*a. What is the remainder when a is divided by 76?
19
Let u(m) = -m**2 - 20*m + 68. Let n be u(3). What is the remainder when (-10 + (-81)/(-6))*(n + 5) is divided by 13?
1
Let j = 68 + -20. Suppose -4*c - 3 - 2 = -5*q, -5*c + 4*q - 13 = 0. Let u = j + c. What is the remainder when 170 is divided by u?
41
Suppose 2*y + 7 = h + 5*y, 4*h - 2*y = 0. Calculate the remainder when (7 + -6)*(-1 + h*128) is divided by 19.
13
Suppose -3*d = 3*z - 432, d + 2 = -31*z - 4. Calculate the remainder when 2667 is divided by d.
134
Calculate the remainder when 10439 is divided by 794/11 + (-8 - ((-2236)/22)/13).
71
Let f = 5 - -13. Suppose -7*x - f = -10*x. What is the remainder when 8 is divided by x?
2
Suppose -35*p = 33*p - 1156. Calculate the remainder when 246 is divided by p.
8
Let j(n) = 13*n - 29. Suppose 2*q - y = -7, 3*y - 6 = -4*q + 5. Let u be (6/7)/(q/(-7)). Calculate the remainder when j(u) is divided by 10.
9
Let h(m) = 6*m**2 + m. Let q(k) = 149*k**2 + 117*k - 9. Calculate the remainder when q(-2) is divided by h(-3).
47
Let q be (-415)/(-30) + (-1)/(-24)*4. Suppose -394 = -17*k + q*k - 4*u, -12 = -3*u. What is the remainder when 494 is divided by k?
116
Let w = 10289 - 10142. Calculate the remainder when 4408 is divided by w.
145
Let n(p) = -p**3 - 15*p**2 + 11*p - 74. Let k be n(-16). Suppose 5*v = -u + k*u - 75, 0 = 5*u + 5*v - 45. What is the remainder when 20 is divided by u?
8
Let g(a) be the third derivative of a**5/60 - 5*a**4/24 + 7*a**3/6 + 24*a**2. Let j be g(7). Let s = j + -11. Calculate the remainder when 17 is divided by s.
7
Let n = 6 - 2. Suppose -195 + 174 = -3*s. Suppose 15*l - 112 = s*l. What is the remainder when l is divided by n?
2
Suppose 4*u + 4*i - 268 = 0, 30*u - 26*u - 7*i = 323. Calculate the remainder when u is divided by 29.
14
Calculate the remainder when (-3)/(-5) - (2 + 1447/(-5)) is divided by 988/273*14 + 4/(-6).
38
Let q(b) = -2*b**3 - 17*b**2 + 23*b + 169. Calculate the remainder when q(-13) is divided by 92.
11
Let s = 5398 + -5379. What is the remainder when 2615 is divided by s?
12
Suppose -3 = -i + 29. Suppose -6 = 6*u - 2280. Let o = 502 - u. Calculate the remainder when o is divided by i.
27
Suppose 0 = -3*u + 2*l - 175 + 1455, u - 405 = 5*l. Suppose u = 5*k - 0*k - 5*z, 0 = -k + 3*z + 76. What is the remainder when k is divided by 31?
29
Suppose 2*t + 15*i = 19*i + 832, 418 = t - i. Let d = t + -387. Suppose 5*h = -3*f + 56, 0*h + h = -4*f + 52. Calculate the remainder when d is divided by f.
9
Let p = 1648 - 1622. Let d(w) = -128*w - 1. Let k be 2/(-11) - (-9)/(-11). Calculate the remainder when d(k) is divided by p.
23
Let f be 10/12*(-12)/(-2). Suppose -5*v = f, 0 = -0*y + y - 5*v - 40. Calculate the remainder when y is divided by 20.
15
Let r(c) = c + 12. Suppose -2*d = 8, -4*h - 2*d = h + 193. Let q = h + 76. Calculate the remainder when q is divided by r(9).
18
Let p = 229 - 417. Let o = 456 + p. Calculate the remainder when o is divided by 15.
13
Suppose 0*b + 56 = 4*b. Calculate the remainder when (180360/780 + 6/(-26))/(2 - 1) is divided by b.
7
Suppose -31*d - 68560 = -86633. Suppose -v = 5*c - 58 - 35, 3*v = -5*c + 239. Calculate the remainder when d is divided by v.
72
Let w(u) = 8*u**2 + 2481*u + 7421. Let c = 1286 - 638. Calculate the remainder when c is divided by w(-3).
48
Let l be 44/12 + 2/(-3). Suppose -v - l*v - v = 0. Suppose v = -0*g + 2*g - 282. Calculate the remainder when g is divided by 13.
11
Let g(r) = -r**2 + 49*r - 259. Calculate the remainder when 21627 is divided by g(7).
32
Suppose -15*r = -4*r - 22. Let q(a) = -7 + 541*a**r - 538*a**2 - 2*a + 0*a. What is the remainder when q(4) is divided by 10?
3
Let j(m) = 12*m + 4. Let k be j(-3). Let g = 72 + k. Suppose 12*a - 70 = 7*a. Calculate the remainder when g is divided by a.
12
Suppose 5*k - 384 - 1 = 0. Calculate the remainder when k is divided by (-144)/15*(-6 - 208/(-48)).
13
Let m = -1715 + 1719. Suppose -3*j = 3*n - 51, -7*j + 3*n + 21 = -m*j. Let s(o) = 5*o**2 - 3*o + 4. Calculate the remainder when s(-3) is divided by j.
10
Let x be 2 + (-52969)/(-4) + 9/12. Let h = 7939 - x. What is the remainder when h/(-49) - (-2 - 32/(-14)) is divided by 37?
34
Suppose 5*y + 0*o - 994 = 4*o, -5*y - 2*o + 988 = 0. Calculate the remainder when 40 is divided by (y/(-45) - -2)/((-4)/10).
4
Suppose -156*o = 41*o - 63040. What is the remainder when 329 is divided by o?
9
Let y(x) = x - 19. Let c be y(22). Suppose -3*n - 2*s - c = -25, -5*s = n - 16. Calculate the remainder when 11 is divided by n.
5
Let z(d) = 24*d - 1021. Calculate the remainder when z(46) is divided by 15.
8
Suppose 3*c + 2*m - 758 = 0, 5*c + 17*m - 1247 = 16*m. Calculate the remainder when 687 is divided by c.
191
Suppose 80*k - 81*k + 292 = 2*u, 5*u = 5*k + 790. Let v(y) = -y + 1. Let o be v(-5). Suppose 21*a - u = o*a. Calculate the remainder when 137 is divided by a.
7
Suppose 0 = -5*y + 4*u + 95, 7*y - 50 = 3*y - 2*u. Let j be (3 + (-50)/y)*6. Calculate the remainder when 89 is divided by (-2 - -3) + (j - 